he prime factors of 6037.
6037
What are the prime factors of 2670?
2, 3, 5, 89
What are the prime factors of 27687?
3, 11, 839
List the prime factors of 12769.
113
List the prime factors of 4245.
3, 5, 283
What are the prime factors of 9821?
7, 23, 61
What are the prime factors of 88393?
37, 2389
List the prime factors of 15548.
2, 13, 23
List the prime factors of 1496.
2, 11, 17
What are the prime factors of 11436?
2, 3, 953
What are the prime factors of 168349?
79, 2131
What are the prime factors of 27976?
2, 13, 269
What are the prime factors of 4865?
5, 7, 139
List the prime factors of 6602.
2, 3301
List the prime factors of 25545.
3, 5, 13, 131
What are the prime factors of 22786?
2, 11393
What are the prime factors of 8453?
79, 107
What are the prime factors of 812?
2, 7, 29
What are the prime factors of 46537?
173, 269
What are the prime factors of 4657?
4657
List the prime factors of 2640.
2, 3, 5, 11
List the prime factors of 1525.
5, 61
What are the prime factors of 28953?
3, 3217
What are the prime factors of 5251?
59, 89
What are the prime factors of 1889?
1889
List the prime factors of 50053.
50053
What are the prime factors of 13183?
13183
What are the prime factors of 135007?
135007
List the prime factors of 2673.
3, 11
List the prime factors of 12991.
11, 1181
List the prime factors of 3269.
7, 467
What are the prime factors of 65899?
65899
List the prime factors of 141370.
2, 5, 67, 211
What are the prime factors of 760?
2, 5, 19
List the prime factors of 30665.
5, 6133
What are the prime factors of 3812?
2, 953
What are the prime factors of 32110?
2, 5, 13, 19
What are the prime factors of 1479?
3, 17, 29
What are the prime factors of 11589?
3, 3863
List the prime factors of 14575.
5, 11, 53
List the prime factors of 1322.
2, 661
List the prime factors of 6251.
7, 19, 47
List the prime factors of 831.
3, 277
What are the prime factors of 1338?
2, 3, 223
What are the prime factors of 214?
2, 107
What are the prime factors of 13346?
2, 6673
List the prime factors of 53176.
2, 17, 23
List the prime factors of 19689.
3, 6563
List the prime factors of 4285.
5, 857
List the prime factors of 79033.
17, 4649
What are the prime factors of 2725?
5, 109
What are the prime factors of 138989?
23, 6043
What are the prime factors of 1613?
1613
List the prime factors of 2665.
5, 13, 41
List the prime factors of 1768.
2, 13, 17
List the prime factors of 2070.
2, 3, 5, 23
List the prime factors of 89835.
3, 5, 53, 113
List the prime factors of 1022.
2, 7, 73
List the prime factors of 1868.
2, 467
List the prime factors of 30741.
3, 10247
List the prime factors of 25519.
13, 151
What are the prime factors of 5952?
2, 3, 31
What are the prime factors of 806?
2, 13, 31
List the prime factors of 11839.
11839
What are the prime factors of 3174?
2, 3, 23
List the prime factors of 34739.
34739
What are the prime factors of 13372?
2, 3343
List the prime factors of 64912.
2, 4057
List the prime factors of 283.
283
What are the prime factors of 2148?
2, 3, 179
What are the prime factors of 87573?
3, 29191
What are the prime factors of 16684?
2, 43, 97
What are the prime factors of 7229?
7229
List the prime factors of 5740.
2, 5, 7, 41
List the prime factors of 1781.
13, 137
What are the prime factors of 14293?
14293
What are the prime factors of 23900?
2, 5, 239
List the prime factors of 594.
2, 3, 11
What are the prime factors of 3547?
3547
What are the prime factors of 13411?
13411
What are the prime factors of 2177?
7, 311
List the prime factors of 3669.
3, 1223
What are the prime factors of 29464?
2, 29, 127
List the prime factors of 947.
947
What are the prime factors of 58696?
2, 11, 23, 29
List the prime factors of 786.
2, 3, 131
List the prime factors of 4716.
2, 3, 131
What are the prime factors of 71952?
2, 3, 1499
List the prime factors of 8099.
7, 13, 89
What are the prime factors of 2181?
3, 727
What are the prime factors of 4013?
4013
What are the prime factors of 40493?
40493
What are the prime factors of 2145?
3, 5, 11, 13
What are the prime factors of 2681?
7, 383
List the prime factors of 4685.
5, 937
What are the prime factors of 90381?
3, 47, 641
What are the prime factors of 9907?
9907
What are the prime factors of 25925?
5, 17, 61
What are the prime factors of 4824?
2, 3, 67
List the prime factors of 22702.
2, 11351
What are the prime factors of 135243?
3, 5009
What are the prime factors of 17351?
17351
List the prime factors of 976.
2, 61
List the prime factors of 18.
2, 3
List the prime factors of 940.
2, 5, 47
List the prime factors of 2814.
2, 3, 7, 67
What are the prime factors of 1292?
2, 17, 19
List the prime factors of 57041.
57041
What are the prime factors of 1694?
2, 7, 11
What are the prime factors of 6851?
13, 17, 31
What are the prime factors of 3455?
5, 691
List the prime factors of 592.
2, 37
What are the prime factors of 2510?
2, 5, 251
What are the prime factors of 65747?
11, 43, 139
List the prime factors of 77268.
2, 3, 47, 137
What are the prime factors of 533?
13, 41
What are the prime factors of 51048?
2, 3, 709
List the prime factors of 821.
821
List the prime factors of 354.
2, 3, 59
List the prime factors of 52380.
2, 3, 5, 97
What are the prime factors of 150?
2, 3, 5
List the prime factors of 152159.
7, 21737
List the prime factors of 34830.
2, 3, 5, 43
What are the prime factors of 576?
2, 3
List the prime factors of 4135.
5, 827
What are the prime factors of 11981?
11981
List the prime factors of 54949.
54949
What are the prime factors of 11800?
2, 5, 59
What are the prime factors of 5965?
5, 1193
What are the prime factors of 12246?
2, 3, 13, 157
List the prime factors of 3970.
2, 5, 397
What are the prime factors of 755?
5, 151
What are the prime factors of 3502?
2, 17, 103
What are the prime factors of 221?
13, 17
What are the prime factors of 7730?
2, 5, 773
What are the prime factors of 986?
2, 17, 29
List the prime factors of 145.
5, 29
What are the prime factors of 6627?
3, 47
What are the prime factors of 114721?
89, 1289
List the prime factors of 316.
2, 79
What are the prime factors of 109?
109
What are the prime factors of 54805?
5, 97, 113
What are the prime factors of 3962?
2, 7, 283
What are the prime factors of 57529?
57529
What are the prime factors of 23437?
23, 1019
List the prime factors of 3162.
2, 3, 17, 31
List the prime factors of 60074.
2, 7, 613
List the prime factors of 325.
5, 13
List the prime factors of 42420.
2, 3, 5, 7, 101
List the prime factors of 5674.
2, 2837
What are the prime factors of 654?
2, 3, 109
What are the prime factors of 4063?
17, 239
What are the prime factors of 9338?
2, 7, 23, 29
List the prime factors of 2848.
2, 89
What are the prime factors of 12928?
2, 101
List the prime factors of 13839.
3, 7, 659
List the prime factors of 513.
3, 19
What are the prime factors of 105726?
2, 3, 67, 263
List the prime factors of 2662.
2, 11
List the prime factors of 1280.
2, 5
What are the prime factors of 25505?
5, 5101
What are the prime factors of 114111?
3, 31, 409
List the prime factors of 175280.
2, 5, 7, 313
What are the prime factors of 1576?
2, 197
List the prime factors of 31659.
3, 61, 173
List the prime factors of 4658.
2, 17, 137
List the prime factors of 2303.
7, 47
What are the prime factors of 4478?
2, 2239
What are the prime factors of 5085?
3, 5, 113
List the prime factors of 33560.
2, 5, 839
List the prime factors of 3076.
2, 769
What are the prime factors of 5759?
13, 443
What are the prime factors of 13405?
5, 7, 383
List the prime factors of 59002.
2, 29501
List the prime factors of 7794.
2, 3, 433
List the prime factors of 22739.
22739
List the prime factors of 2103.
3, 701
What are the prime factors of 3294?
2, 3, 61
List the prime factors of 7790.
2, 5, 19, 41
List the prime factors of 998.
2, 499
List the prime factors of 10091.
10091
What are the prime factors of 104000?
2, 5, 13
List the prime factors of 1860.
2, 3, 5, 31
List the prime factors of 72866.
2, 36433
List the prime factors of 278.
2, 139
List the prime factors of 27157.
13, 2089
List the prime factors of 1490.
2, 5, 149
List the prime factors of 269.
269
What are the prime factors of 8134?
2, 7, 83
What are the prime factors of 2293?
2293
List the prime factors of 1103.
1